ple of 4?
False
Does 96 divide 3502464?
True
Is 66126 even?
True
Does 113 divide 88479?
True
Does 240 divide 2423111?
False
Is 645 a factor of 3577315?
False
Is 37576 a multiple of 77?
True
Does 802 divide 28884030?
True
Is 971360 a multiple of 52?
True
Is 26665 a multiple of 28?
False
Is 4060867 a multiple of 114?
False
Is 100305 a multiple of 12?
False
Does 432 divide 91145?
False
Is 49 a factor of 58241?
False
Is 36 a factor of 2020068?
True
Does 131 divide 72377?
False
Is 17 a factor of 30920392?
False
Is 252 a factor of 522181?
False
Is 18689 a multiple of 11?
True
Is 493344 a multiple of 698?
False
Does 350 divide 3028200?
True
Is 64590 a multiple of 3?
True
Does 406 divide 2499336?
True
Does 116 divide 2193757?
False
Is 105 a factor of 238980?
True
Does 126 divide 635544?
True
Is 778 a factor of 2423470?
True
Is 54894 a multiple of 14?
True
Does 15 divide 50535?
True
Is 645892 a multiple of 26?
True
Does 6 divide 736025?
False
Is 56 a factor of 1027936?
True
Is 12929 a multiple of 25?
False
Does 5 divide 184723?
False
Is 2143480 a multiple of 820?
True
Does 23 divide 221076?
True
Does 94 divide 105750?
True
Is 540524 a multiple of 42?
False
Does 53 divide 114154?
False
Does 260 divide 104000?
True
Is 54328 a multiple of 61?
False
Does 1247 divide 8479600?
True
Is 8294225 a multiple of 25?
True
Is 11391860 a multiple of 955?
False
Does 162 divide 305532?
True
Is 2343552 a multiple of 51?
True
Is 4364242 a multiple of 811?
False
Is 154 a factor of 632478?
True
Is 1304 a factor of 621532?
False
Does 36 divide 2607669?
False
Is 418 a factor of 749990?
False
Is 616 a factor of 412950?
False
Is 212 a factor of 351708?
True
Does 46 divide 12948494?
True
Is 3116625 a multiple of 15?
True
Does 22 divide 1763842?
False
Is 11934 a multiple of 39?
True
Does 44 divide 2068?
True
Is 119400 a multiple of 150?
True
Does 270 divide 1947533?
False
Is 22 a factor of 8732614?
True
Does 32 divide 325216?
True
Does 143 divide 87460?
False
Is 132 a factor of 36746?
False
Does 16 divide 581791?
False
Is 26 a factor of 747693?
False
Does 412 divide 341601?
False
Does 9 divide 3081816?
True
Is 89958 a multiple of 66?
True
Is 848560 a multiple of 40?
True
Is 44928 a multiple of 26?
True
Is 55440 a multiple of 420?
True
Is 7916003 a multiple of 145?
False
Does 28 divide 626525?
False
Does 11 divide 2463261?
False
Does 47 divide 1163928?
False
Is 689484 a multiple of 28?
False
Is 49460 a multiple of 5?
True
Is 1006841 a multiple of 5?
False
Is 46 a factor of 427057?
False
Is 7 a factor of 731932?
False
Is 43680 a multiple of 3?
True
Does 16 divide 602033?
False
Is 134976 a multiple of 106?
False
Is 983773 a multiple of 49?
True
Does 123 divide 67896?
True
Is 30 a factor of 7851270?
True
Is 67 a factor of 699614?
True
Is 193 a factor of 133556?
True
Is 18 a factor of 73561?
False
Is 151 a factor of 7935956?
True
Does 60 divide 180720?
True
Is 89 a factor of 801178?
True
Is 1678814 a multiple of 50?
False
Does 466 divide 138868?
True
Does 42 divide 284634?
True
Does 17 divide 871539?
True
Is 2949092 a multiple of 7?
False
Is 310218 a multiple of 694?
True
Is 330 a factor of 106350?
False
Does 19 divide 143716?
True
Is 10661299 a multiple of 1314?
False
Does 23 divide 1148566?
False
Does 11 divide 2789732?
True
Is 22 a factor of 3344780?
False
Does 20 divide 249477?
False
Does 108 divide 838136?
False
Is 505 a factor of 932239?
False
Is 52 a factor of 9616859?
False
Does 17 divide 898637?
True
Is 10 a factor of 84758?
False
Is 13189608 a multiple of 54?
True
Does 28 divide 30184?
True
Is 2974431 a multiple of 57?
True
Does 42 divide 7014?
True
Does 18 divide 2595258?
True
Does 372 divide 361212?
True
Is 69 a factor of 8404062?
True
Is 8515 a multiple of 5?
True
Does 3 divide 3459579?
True
Does 60 divide 255137?
False
Is 3293796 a multiple of 4?
True
Is 1791104 a multiple of 448?
True
Is 29 a factor of 1912782?
True
Does 66 divide 14564693?
False
Is 435464 a multiple of 29?
True
Does 13 divide 70915?
True
Is 669 a factor of 4339134?
True
Does 12 divide 178942?
False
Is 273864 a multiple of 25?
False
Is 54 a factor of 2084389?
False
Is 1711360 a multiple of 16?
True
Is 1616 a factor of 324816?
True
Does 26 divide 28339?
False
Does 112 divide 150004?
False
Is 3142815 a multiple of 923?
True
Is 4608226 a multiple of 5?
False
Does 69 divide 19750?
False
Does 12 divide 111216?
True
Does 221 divide 1101022?
True
Is 636872 a multiple of 546?
False
Does 126 divide 7661436?
False
Is 5 a factor of 2815916?
False
Is 71 a factor of 2626858?
True
Is 164782 a multiple of 47?
True
Does 100 divide 224600?
True
Is 307 a factor of 1177345?
True
Is 644620 a multiple of 138?
False
Does 7 divide 270888?
False
Is 20 a factor of 1359658?
False
Does 14 divide 887026?
True
Is 89 a factor of 11470498?
True
Is 312 a factor of 1726651?
False
Does 28 divide 6465984?
True
Is 3810794 a multiple of 26?
True
Is 205 a factor of 299711?
False
Is 5195698 a multiple of 841?
True
Does 17 divide 96067?
True
Does 6 divide 446526?
True
Does 44 divide 586521?
False
Is 810404 a multiple of 96?
False
Does 59 divide 1013113?
False
Is 62881 a multiple of 23?
False
Does 256 divide 239220?
False
Is 6 a factor of 51288?
True
Is 277 a factor of 4149499?
False
Is 354 a factor of 123546?
True
Is 8619209 a multiple of 7?
False
Is 4 a factor of 711550?
False
Does 117 divide 2072772?
True
Is 49 a factor of 76783?
True
Is 16 a factor of 704506?
False
Does 118 divide 143140?
False
Is 3394931 a multiple of 31?
False
Is 51 a factor of 321565?
False
Is 122 a factor of 1112640?
True
Is 702 a factor of 4129281?
False
Is 17 a factor of 126803?
True
Does 59 divide 1330214?
True
Is 88 a factor of 2744395?
False
Is 24739657 a multiple of 1195?
False
Does 45 divide 4125210?
False
Does 675 divide 16810200?
True
Does 36 divide 1617300?
True
Is 10243532 a multiple of 52?
True
Does 102 divide 3185793?
False
Does 397 divide 75430?
True
Does 593 divide 525398?
True
Is 1370445 a multiple of 149?
False
Is 2216317 a multiple of 8?
False
Is 8487710 a multiple of 151?
True
Does 10 divide 114310?
True
Does 127 divide 5713080?
False
Is 7414 even?
True
Does 75 divide 3016500?
True
Does 20 divide 9043719?
False
Is 68 a factor of 31756?
True
Is 49 a factor of 141757?
True
Does 9 divide 155394?
True
Does 279 divide 2741292?
False
Is 596760 a multiple of 15?
True
Is 44 a factor of 1944907?
False
Is 68113 a multiple of 185?
False
Is 630 a factor of 508410?
True
Is 9009832 a multiple of 82?
True
Is 130 a factor of 11289?
False
Does 13 divide 2343870?
False
Is 244996 a multiple of 4?
True
Does 7 divide 7174?
False
Does 18 divide 62284?
False
Does 17 divide 400840?
False
Is 162 a factor of 975990?
False
Is 23301 a multiple of 2?
False
Is 45194 a multiple of 117?
False
Does 7 divide 7839132?
True
Is 386 a factor of 85080?
False
Is 146792 a multiple of 43?
False
Is 1342272 a multiple of 335?
False
Is 443 a factor of 196963?
False
Is 7 a factor of 3052?
True
Is 164 a factor of 2164144?
True
Does 40 divide 49440?
True
Is 10 a factor of 29100?
True
Is 2 a factor of 155825?
False
Is 107124 a multiple of 316?
True
Is 1223447 a multiple of 100?
False
Is 3 a factor of 2532?
True
Does 16 divide 73696?
True
Does 74 divide 7923259?
False
Does 13 divide 974774?
False
Does 20 divide 3091240?
True
Does 101 divide 2275761?
False
Is 15 a factor of 120621?
False
Does 205 divide 838106?
False
Is 9 a factor of 1043083?
False
Is 204752 a multiple of 4?
True
Does 16 divide 2669550?
False
Is 631400 a multiple of 328?
True
Is 134 a factor of 23986?
True
Does 9 divide 36783?
True
Does 237 divide 10071959?
False
Is 48367 a multiple of 353?
False
Is 32 a factor of 110214?
False
Is 275233 a multiple of 22?
False
Does 4 divide 136405?
False
Is 163644 a multiple of 3?
True
Is 44818 a multiple of 76?
False
Is 96570 a multiple of 58?
True
Does 45 divide 57600?
True
Is 518599 a multiple of 130?
False
Is 197988 a multiple of 84?
True
Is 15451829 a multiple of 19?
False
Does 14 divide 1204?
True
Does 104 divide 282048?
True
Is 897488 a multiple of 18?
False
Does 505 divide 486687?
False
Is 289558 a multiple of 269?
False
Is 858 a factor of 2458170?
True
Is 8180 a multiple of 6?
False
Does 14 divide 488236?
True
Is 10 a factor of 2330?
True
Does 24 divide 5442168?
True
Is 2 a factor of 